 + -7 + -6 - (1 - 1).
1
What is the value of (5 - -4) + -13 - -5?
1
-1 + 4 - (-8 + 6 + 9)
-4
7 + -13 + -9 - -11
-4
What is the value of 3 + (-1 - -9) + -10?
1
What is (-2 + 5 - 7) + 8 + 1?
5
(-7 - -5 - (-2 - -2)) + -2
-4
17 + (-5 - 9 - -5)
8
Calculate 1 + -3 + 5 + 2.
5
What is the value of -2 + 0 - (-18 + 11) - 0?
5
Calculate 0 - (7 - 6) - 1.
-2
Calculate (-7 - -3 - -1) + 0.
-3
Calculate -1 + (0 - (5 - 3)) - -5.
2
Calculate (5 - -1) + (-5 - -4) + -1.
4
1 + -4 + (18 - 12)
3
Calculate -5 + -3 + 11 + (0 - 1).
2
7 - 3 - (3 + 1)
0
(0 - 1) + -11 + 11
-1
Evaluate 1 - (7 + -12 - 0).
6
0 + 2 + 19 + -18
3
Evaluate -3 + 4 + (2 - -2 - 5).
0
Evaluate 1 + -1 - (-4 - (-2 + -4)).
-2
-5 + 1 + (-10 - -10)
-4
-2 - (-2 + -1 + -1) - -2
4
What is -3 + -4 - (7 - 10)?
-4
What is the value of (6 + -19 - -5) + (-5 - -15)?
2
What is (7 - (1 + 6)) + (-1 - 0)?
-1
71 + -72 + 1 + 2
2
-8 - -8 - (-8 - -2)
6
What is 5 + -7 + 13 + -15?
-4
5 - ((-1 - 0) + 5)
1
What is -6 + -4 + -3 + 15?
2
7 + -5 + (7 - (-6 + 6))
9
Calculate -2 - (3 - 4 - -3).
-4
What is the value of (-3 - (-2 + (-2 - -1))) + 2?
2
-6 + (6 - (2 + 6 + -3))
-5
What is the value of -2 + (8 - 7) + -3 - -2?
-2
2 + -5 - (24 + -21)
-6
Calculate -1 - -1 - (3 + -7 + 1).
3
What is the value of (55 - 64) + (0 + 3 - 0)?
-6
-6 + 9 + -16 + 8
-5
What is -5 + (4 - 5 - -12) + -11?
-5
Evaluate 0 + -1 + (-7 - -9).
1
Evaluate (3 - -3) + 24 + -21.
9
What is the value of 3 - 0 - (2 + 2)?
-1
-3 + 15 + -26 + 7
-7
What is -2 - -2 - (4 - (5 - -6))?
7
Calculate (4 - 4) + (-7 - -11) + 3.
7
-1 + (3 + 7 - 7)
2
Calculate (6 - 1) + 2 + -7 + 6.
6
Evaluate 2 - (-4 - -9) - -10.
7
What is the value of 7 + -7 + (7 - 3)?
4
What is the value of 2 + 1 + -4 + (-1 - -4)?
2
What is the value of -1 - 0 - (3 + -2) - 3?
-5
-8 + (0 - (-1 - 2))
-5
2 - -2 - 0 - (84 - 85)
5
What is (-8 - -16 - 14) + (4 - -1)?
-1
1 - 5 - (1 + -6)
1
What is the value of -4 + (8 - 4) - (7 - 4)?
-3
What is the value of 7 + 3 + (-5 - 4)?
1
8 - (9 - (5 + 0))
4
Evaluate 0 + (-4 + 5 - (-8 - -2)).
7
Evaluate 2 + -4 + 5 - (6 - 10).
7
13 + (3 - (17 + -6))
5
What is 2 + -2 + -2 + 1 - -4?
3
Calculate -5 + 2 + 5 + -2.
0
What is 2 + 3 + -6 + -6 + 2?
-5
Evaluate (16 - 8) + -3 + -1 - 4.
0
-3 + 4 - (-2 + 5)
-2
Calculate (-2 - 4) + 2 + (0 - -4).
0
Evaluate 1 + (0 - (2 + 0)).
-1
What is the value of -1 + (-4 + (5 - 2) - -3)?
1
What is the value of 3 + 0 - (4 + 0 + 2)?
-3
Calculate 0 + 4 - 9 - -1.
-4
What is the value of 1 + (2 - -1) + -8 + 7?
3
What is the value of 2 - (4 - 1 - (-2 + 0))?
-3
What is -9 + 1 - (-5 + (3 - 1))?
-5
Evaluate 13 + -24 + 4 + 2.
-5
What is the value of -4 - ((-4 - (3 - 10)) + -3)?
-4
What is the value of 2 + (3 - 11) + 4?
-2
What is 161 + -161 - ((2 - 7) + 1)?
4
Evaluate -1 + (5 - 4) + -4.
-4
Evaluate -13 + 14 + -2 + (2 - 1).
0
What is -9 - 1 - -3 - (-2 - 0)?
-5
Calculate 1 + (19 - 10) + -5.
5
Calculate -1 + 1 + -3 + 1.
-2
What is the value of (-4 - (-12 + 2)) + -9?
-3
-5 - (-5 - 3 - -5)
-2
3 + -14 + 9 - 1
-3
Calculate (2 + 7 - -4) + -14.
-1
Evaluate -3 + -7 + 5 - 0.
-5
Evaluate -2 + 14 + (-6 - 0).
6
Calculate 3 - (6 - (-2 - -1 - 2)).
-6
What is (-36 - -37) + (1 - -2)?
4
Evaluate 1 - 5 - (-1 + -5 + -1).
3
Calculate (-1 - 13) + (4 - -8).
-2
-3 + 11 + 1 + (-8 - -2)
3
What is the value of (124 - 124) + (8 - 0)?
8
What is the value of -10 + (5 - 6 - -9)?
-2
-5 + -1 + 2 + (3 - -4)
3
What is -6 - (-14 - -3 - -2)?
3
1 + (-5 + 2 - 1)
-3
Evaluate (2 - (4 + (-4 - 0))) + -7.
-5
Evaluate 3 + 1 + 6 + -10.
0
Calculate -2 - (-8 + (1 - -15) - 7).
-3
What is the value of -6 + 1 + (8 - 4) + -2?
-3
What is (6 - -1) + (-14 - -10)?
3
What is the value of 2 + 10 + -5 - 8?
-1
Calculate 0 + 3 - 3 - 1.
-1
What is 1 + 1 - (-1 - (-5 - -2))?
0
Calculate -2 + 6 + (1 - 1) + 0.
4
Evaluate 8 + -10 + 4 - 8.
-6
Calculate (-25 - -23 - (-1 + 3)) + 5.
1
Evaluate (-3 - -2) + -4 - -8.
3
Calculate -3 + (-8 - (3 - 17)).
3
What is -1 - (-8 + 4 + 5)?
-2
Evaluate 2 + (-3 - (-3 + 4 + -5)).
3
Evaluate -1 + 0 - (3 + -3 + -1).
0
Calculate (-10 - (-16 + 9)) + 6.
3
What is -9 - ((11 - 4) + -22)?
6
Calculate (0 - 5) + 9 + 2.
6
-2 + 2 + -5 + 7
2
Evaluate -1 - (-4 - (-8 + -2 - -4)).
-3
-1 + -33 + 27 + (-2 - -2)
-7
What is the value of 1 - 0 - (7 + -12 - -2)?
4
Evaluate 0 - -1 - (-3 - -2).
2
Calculate 2 - 6 - (-23 + 23).
-4
What is -10 + 11 + -11 + 6?
-4
What is the value of -4 + -5 + (15 - 4)?
2
Calculate (1 - 6) + (14 - 5).
4
What is -4 + (-6 - (4 - 12)) - -5?
3
Evaluate 1 - (-6 - 2) - 4.
5
Evaluate -3 + (-3 - -5 - -6).
5
What is -9 + 8 + 3 - (11 + 1)?
-10
-1 + -1 - 0 - 4
-6
What is the value of (28 - 28) + (0 - -3)?
3
Calculate -2 - (-5 - -2) - (4 + 2).
-5
-5 + 13 + -17 + 3
-6
Calculate -5 + 3 + 1 + -9 + 5.
-5
Evaluate 13 + 1 + (-11 - 2).
1
What is the value of (-1 - -1) + -4 + 3?
-1
-12 + 6 + -4 + (-4 - -13)
-1
(0 - (-1 + -2 - 1)) + -8
-4
Calculate 6 + (-2 - 22 - -9).
-9
1 + 0 + -15 + -14 + 21
-7
What is the value of 16 + -2 + -10 - (1 - -9)?
-6
What is the value of 1 - -7 - (-60 + 65)?
3
What is (-4 + -2 - 1) + 11?
4
What is (1 - -4 - 2) + -7?
-4
What is the value of 1 + (2 - (1 - 0 - 0))?
2
Evaluate -7 + (6 - -8) - (1 - 1).
7
Calculate 1 + (2 + 1 - 9).
-5
8 + -12 - (-3 + 1)
-2
Calculate 2 - (-7 - (1 + -5)).
5
Calculate 3 + -12 + -6 + 10.
-5
What is the value of 7 - (0 - (0 - 3)) - -1?
5
Evaluate (-15 - (-14 + 7)) + -1.
-9
Calculate 2 + -7 - (-10 - -9).
-4
Calculate 7 + -3 + -8 - -7 - 3.
0
What is -5 + (-1 - -3) + -2?
-5
What is 6 - (5 + 0 - 3)?
4
Evaluate (-1 - 2) + 7 + (-17 - -8).
-5
What is the value of -3 + (-1 - -5) + 3?
4
Calculate 1 + 11 + -21 + 19.
10
What is the value of 10 + (0 - 4 - 1)?
5
Calculate 0 + 4 + -7 - -3.
0
Evaluate -4 - (7 + -18) - (-1 - -1).
7
(5 - 0 - 4) + -3 + 0
-2
What is the value of 9 + -5 - (4 + 1)?
-1
4 - ((-18 - -18) + (1 - -3))
0
What is 1 + (1 - -5) - 10?
-3
Calculate (-15 - -18) + (2 - (0 + 2)).
3
Calculate 4 + -2 + 0 + 0.
2
What is -8 - (2 + -3 - 2)?
-5
Evaluate (1 - (0 - -6)) + (-362 - -374).
7
Calculate -10 + 14 - (-1 + 0).
5
Calculate -2 - -7 - (0 + 3 + 2).
0
What is 8 + -14 - -5 - (0 - 2)?
1
What is the value of -1 + -1 - (1 + -9 + 4)?
2
What is the value of (-3 + -4 - -8) + 8 + -5?
4
(5 - 0) + 0 + (2 - 13)
-6
12 + (2 - (-3 + 9))
8
What is the value of 2 + -8 + (3 - (5 - 1))?
-7
(-4 - (8 - 10)) + 5
3
Calculate 1 + (-3 + -2 - -5) - -1.
2
Evaluate (4 - ((-1 - 3) + 4)) + -6.
-2
Evaluate 2 - -4 - (3 - 2).
5
What is -5 + 11 - (2 + 6) - -5?
3
Calculate (11 + -3 - 23) + (1 - -5).
-9
-1 + 5 - (4 - 1 - -3)
-2
What is the value of -1 + (5 - -1) + (4 - 0)?
9
Evaluate (3 - 3 - 0 - -7) + -16.
-9
What is -1 + (2 - (0 + -3 - -4))?
0
Evaluate -2 + -1 - (-31 + 32).
-4
-1 + -1 + 3 - 6
-5
2 + -12 + (-2 - -8)
-4
What is the value of 2 - 0 - (0 + 1 + 2)?
-1
Calculate -2 + 1 + (26 - 25).
0
What is the value of -4 + (7 - (-6 - -14))?
-5
Calculate -17 - -17 - (-2 - (1 + -1)).
2
Evaluate 0 + (3 - 6 - 0) + 3.
0
Calculate 0 - (4 + -3 - -4).
-5
Calculate (-7 - (3 + -5 + 2)) + 5.
-2
What is -5 + 0 - (-178 + 177)?
-4
What is the value of -10 - (0 - (4 + -4) - 5)?
-5
(45 - 42) + (0 - -1)
4
Evaluate -42 + 38 - (1 + 1 + 1).
-7
Evaluate -3 + (10 - (1 - (-1 + 0))).
5
Calculate -32 + 36 - (5 + 1).
-2
-1 + 12 - (34 + -29)
6
Evaluate -1 + 6 + -1 - (-33 - -35).
2
What is (5 - 3 - (9 + -5)) + -2?
-4
What is the value of 5 - (4 + -2) - (-9 + 12)?
0
What is 0 + (4 - 4 - 0) - 5?
-5
-2 + 5 + -7 + (3 - -1)
0
0 + (-4 - (3 - (-5 - -9)))
-3
Evaluate 16 + -19 - (-6 - -2) - 1.
0
(9 - (3 + 2)) + (1 - 3)
2
2 + -7 + (12 - 3 - 3)
1
Evaluate -82 - -76 - (-1 + -1).
-4
Calculate -7 + 29 + -18 - (2 + 1).
1
What is the value of 0 + (6 - 5) - (7 + -4)?
-2
What is 8 - (0 + 2 + -2 + 3)?
5
Calculate 0 - (0 + (0 - (-5 + 3))).
-2
1 + -6 + 12 - 5
2
What is 2 - (-5 + 9 + -7)?
5
What is the value of -5 - (5 + -5 + -1)?
-4
Calculate -15 - -9 - (0 + 0).
-6
What is the value of -5 + 6 + (10 - 17)?
-6
Evaluate -2 - 0 - (-1 - (1 - -2)).
2
What is -15 + (10 - 1) + 10?
4
Evaluate -3 + (2 - (0 - 0 - 1)).
0
5 - (4 + -2) - 0 - 8
-5
Evaluate (-1 - (-4 - (-9 + 2))) + 0.
-4
(-11 - -10 - -12) + -10
1
Evaluate (-6 + 7 - -7) + -2 + 1.
7
Calculate 3 - 12 - (-1 - 1).
-7
What is the value of (-4 - 1) + 1 + 3 - -2?
1
Calculate (8 - (12 + -4)) + (2 - -1).
3
14 - (6 + -9 + 11)
6
Evaluate 3 - (10 + -9 + -3).
5
-5 - (-5 + 10 + -12)
2
Evaluate 4 - 0 - (11 - (4 - -1)).
-2